eds digit of h(t)?
1
Let d(m) = -m**3 + 4*m**2 + 2*m - 4. Let b be d(4). Suppose u - 1127 = -b*l + 4*u, 2*l - 3*u = 571. What is the units digit of l?
8
What is the tens digit of (-5*(-6)/(-150))/(10/(-356350))?
2
Suppose y = 0, 2*r = 7*r - 2*y - 92415. What is the hundreds digit of r?
4
Let w = 4087 + -4132. Let f = -45 - -25. Let g = f - w. What is the tens digit of g?
2
Let l(t) = t**3 + 8*t**2 - 11*t - 11. Let n be l(-8). Let x = 76 - n. What is the tens digit of (42 + 5)/(x/(-2))?
9
Let w = -52 + 54. Let k(b) = 21*b - 3. Let p be k(w). Suppose -33 = -8*u + p. What is the units digit of u?
9
Suppose 4*q - 120 = 316. Suppose 4*d - 2*d = -5*c + 255, -4*c = -20. Let m = q + d. What is the tens digit of m?
2
Let x(l) be the third derivative of 11*l**4/24 + 85*l**3/6 + 18*l**2. What is the tens digit of x(20)?
0
Let h(x) = 97*x**3 + 6*x**2 - 29*x + 28. What is the hundreds digit of h(5)?
1
What is the units digit of (-51)/17 + 9643/1?
0
Suppose -942 = -22*g + 444. What is the units digit of g?
3
Let y be (33/55)/(1/(-145)). Let b = y + 547. What is the hundreds digit of b?
4
Let g be 5/(-4) + -99*9/(-108). Suppose -g*s - 72 = -9*s. What is the tens digit of s?
3
Let c be (4 - 2) + (-12)/(-4). Suppose 10*n = c*n + 1560. What is the hundreds digit of n?
3
Let w be 0 + (-3 - -5) - 2 - -236. Suppose 0 = 6*y + 50 - w. Let k = 56 + y. What is the tens digit of k?
8
Suppose 0 = -893*o + 782*o + 666. Let t(s) = -s**3 - 4*s**2 + 1. Let r be t(-4). What is the tens digit of (-63)/(r/((-4)/o))?
4
Let x = -4 + 7. Suppose 27 = -3*n + 42. Suppose x*w = n*z + 6*w - 111, 3*z + 2*w - 67 = 0. What is the units digit of z?
1
Suppose 9*c + 841 = 130. Let y = c + 84. Suppose 2*u - 365 = o, 2*u + y*o - 212 = 171. What is the units digit of u?
4
Suppose 0 = -24*b + 16 + 8. What is the units digit of ((-20)/16)/(3/(-804)*b)?
5
Let y(h) = 2103*h - 4. Let k be y(-2). Let b = -2486 - k. Suppose 0 = -6*x + b - 386. What is the tens digit of x?
2
What is the tens digit of ((-118)/5 + 14)*(-1410)/4?
8
Let a(d) = 479*d**2 - 5*d - 5. Let l be a(-2). Suppose -5*k + 4770 = 4*r, 0 = k + k - r - l. What is the units digit of k?
8
Let t = 1183 + 4873. What is the thousands digit of t?
6
Let j(n) = -n**2 - 9*n + 5. Let m be j(-9). Suppose m*f + 2510 = 10*f. What is the units digit of f?
2
Suppose 0 = 2*q + 4*m - 16160, -3*q + 2*m - 4596 = -28828. What is the tens digit of q?
7
Suppose -21*g + 16*g = -505. Let r = 148 - g. Let l = r - 23. What is the tens digit of l?
2
Suppose -7*d + 942 = 648. What is the hundreds digit of (1/(-2))/(d/(-166152))?
9
Suppose -42*d - 118 = 50. What is the tens digit of (d + (-29)/(-5))/((-12)/(-80))?
1
Suppose -p - 5*f = 69, 4*p - 4*f + 82 = 2*p. Let j = 43 + -186. Let c = p - j. What is the tens digit of c?
9
What is the units digit of (-4)/9 - 8317166/(-1287)?
2
Suppose 2*y - 50 = 4*t, t - 28 = -y - 15. Suppose -601 = y*i - 22854. What is the hundreds digit of i?
3
Let h = 41093 + -20536. What is the thousands digit of h?
0
Let h(z) be the third derivative of 0 + 1/8*z**4 + 0*z - 5/2*z**3 + 6*z**2. What is the units digit of h(9)?
2
Let x(q) = 8*q + 6. Let u be x(3). Suppose -15*v + 30 = -u. Suppose -6*a = -v*a - j - 339, -5*j = -2*a + 335. What is the tens digit of a?
7
Suppose 5*l = l + 836. Suppose -11 = -5*m + 2*t + 19, -21 = m + 5*t. Suppose -l = -x + m. What is the units digit of x?
3
Let r(m) be the third derivative of -35*m**4/12 + 43*m**3/6 - 2*m**2 - 10*m. What is the units digit of r(-4)?
3
Let v(h) = 28*h + 172. Let x be v(-6). What is the units digit of (x/6)/((-6916)/1155 + 6)?
5
Let f = 430 - 427. What is the units digit of 448/84*f/2 + -1?
7
Suppose 2*k - 4*w = 878 - 14, -3*k + 4*w = -1286. Let s = k - -397. What is the tens digit of s?
1
Suppose 3*g = -4*h + 26536, 4*g - 3314 = -4*h + 32074. What is the units digit of g?
2
Let u = -26 + 38. Let f(g) = -4*g + 0*g + 3*g**2 - 10*g - g**2 + 20. What is the tens digit of f(u)?
4
Let u = -4291 - -18772. What is the units digit of u?
1
Let b = 57275 - 26085. What is the units digit of b?
0
Suppose -7*n + 5*n = 4*a + 180, 2*a = 3*n + 286. Let y = n - -97. What is the units digit of y?
3
Let i(w) = 5*w**2 + 15*w - 160. Let u be i(-21). Suppose 1370 = 140*h - 136*h + 2*x, x = 5*h - u. What is the units digit of h?
5
What is the tens digit of 144/132 + (-2475795)/(-209)?
4
Let c(y) = -15856*y**3 + 3*y**2 + 8*y + 6. What is the thousands digit of c(-1)?
5
Suppose 1317492 = 332*h - 296*h. What is the units digit of h?
7
Suppose 5*c = f + 2061, -5*f + 1001 = 5*c - 1054. Suppose 0 = 129*p - 1155 - 393. Suppose -c = -p*o + 908. What is the hundreds digit of o?
1
Suppose -4*g + 3*y = -86120, 74*g = 70*g - y + 86136. What is the thousands digit of g?
1
Suppose 0 = 5*a - 25*a + 247920. What is the tens digit of a?
9
Let v = 227 + -223. Suppose -v*n + 1087 = -u - 696, 0 = u + 3. What is the tens digit of n?
4
What is the hundreds digit of 48441 - (0 + 4 + -16) - -4?
4
Suppose 12*k - 17*k + 150 = 0. Let i = 60 - k. What is the hundreds digit of (i/9)/5*(-2115)/(-10)?
1
Let r = 7908 + -2264. What is the tens digit of r?
4
Suppose -133*w + 4405418 = -13*w - 376822. What is the hundreds digit of w?
8
Suppose -7*a + 9*a = 10. What is the units digit of -135*(-12 + a - -2)?
5
Let q(i) = -3*i - 6. Let g be q(-3). Suppose 698 = g*x - 34. What is the units digit of x?
4
What is the tens digit of 48/(-168) + (2 - 41113/(-7))?
7
Let v(k) = k**3 - 11*k**2 + 2*k - 17. Let l be v(11). Suppose -l*c + 1 = 16. Let n(h) = -2*h**3 + h**2 - 2*h - 3. What is the units digit of n(c)?
6
Suppose -29400 = -14*y - 10*y. Suppose -y = -4*i - 3*x, 5*i - 4*i - 3*x = 325. What is the units digit of i?
0
Suppose 3930 + 2612 + 1357 = m. What is the thousands digit of m?
7
Let i be ((-2)/4*1)/((-23)/230). Suppose 2273 = i*y - 2*r, -r - 1832 = -4*y + 4*r. What is the tens digit of y?
5
Let q = -125 - -129. What is the tens digit of (3 - (9 + q))/((-2)/11)?
5
Let w = 88 + -71. Let b = w + -20. What is the hundreds digit of b + -1*(-5 + 2 - 114)?
1
Suppose -7*c - 17*c - 6*c + 386160 = 0. What is the thousands digit of c?
2
Suppose -140 + 864 = 4*u + 5*j, -4*u - 3*j + 716 = 0. Let o be 661 + (-1)/(-1) - 0. Suppose 3*h - o = -2*n, 0 = -h - n + u + 45. What is the units digit of h?
0
Let l = 372 - 330. Suppose 450 = -l*i + 52*i. What is the tens digit of i?
4
Let j = -45 + 48. Suppose -2*g = -j*y + 950, y - 3*g - 7 = 319. What is the units digit of y?
4
Let m = -181 + 175. Suppose -5*w = -3*z - 36, 0 = -3*z + 2*w - 53 + 8. Let h = m - z. What is the tens digit of h?
1
Let x(c) = 7131*c - 2640. What is the ten thousands digit of x(4)?
2
Suppose 0 = 2*j - 3*o - 1078, 10 = 3*o + 4. Suppose 8*n + j = -1410. What is the units digit of n/(-3)*42/28?
2
What is the units digit of 2*324/(-216)*(-2957)/3?
7
Let f(d) = -d**3 - 4*d**2 - 15*d - 10. Let o be f(-4). Suppose -2*z + o - 2 = 0. What is the units digit of z?
4
Let m be 5 + (7 - 6/3). What is the hundreds digit of 390 + m/(-15)*-6?
3
Suppose 0 = -18*t + 8055 - 2619. What is the tens digit of t?
0
Let n(t) = -117*t - 1860. What is the tens digit of n(-65)?
4
Suppose d + 115 = 118. Suppose d*p = -2*x + 912 + 2012, 0 = 3*p + 12. What is the units digit of x?
8
Let l(o) = 80*o**2 - 4*o - 22. Let t be l(4). Let h = -669 + t. What is the tens digit of h?
7
Suppose -4*c + 3*g + g - 16 = 0, 4*g = 16. Suppose 9*i + c + 63 = 0. Let n(m) = -m**2 - 9*m - 12. What is the units digit of n(i)?
2
Let u(w) = w**2 + 2*w - 1. Let n(b) = 2*b**2 + 9*b + 11. Let y(z) = n(z) - 3*u(z). Let d(r) = -r**2 - 2*r + 3. Let a be d(-3). What is the units digit of y(a)?
4
Let t = -105 + 108. Suppose -814 = -t*u + 416. What is the tens digit of u?
1
Let v(t) = -2*t**3 - 15*t**2 - 30*t - 18. Let i(k) = k**2 + 19*k - 129. Let a be i(-24). What is the hundreds digit of v(a)?
4
Let o(v) = 2793*v**2 + 136*v + 537. What is the tens digit of o(-4)?
8
Let v(z) = 6*z - 165. Let q be v(30). Let y(d) = -d**3 + 14*d**2 + 18*d + 8. What is the units digit of y(q)?
3
Let v(s) = -41*s**3 + 14*s**2 + 17*s + 53. What is the thousands digit of v(-8)?
1
Suppose -4*u - 4*g - 16 = 0, 0*u = -u - 3*g - 6. What is the hundreds digit of 441 - (-4 + u/(-3))?
4
Let z be (11/11)/(((-2)/6)/(-1)). Suppose -3*p + 2*k + 1185 = -33, -4*p + z*k = -1625. Su